What is the highest common divisor of m and 52?
26
Suppose -4*u - 246 = -y + u, 5*u + 15 = 0. Let v = -105 - -126. Calculate the highest common divisor of y and v.
21
Let x(p) = -p**3 + 7*p**2 - 7*p + 11. Let r be ((-1)/1)/(2/(-10)). Let f be r/(0/3 + 1). Let u be x(f). What is the highest common divisor of u and 52?
26
Let v(l) = -l**2 - 4*l - 3. Let u be v(-2). Let g be 3 + (-7 - 2) + 8 + 2. What is the greatest common divisor of g and u?
1
Let z be (-160)/(-12)*15/10. Calculate the highest common divisor of z and 40.
20
Let o(z) = -12*z - 180. Let k be o(-21). What is the highest common factor of 378 and k?
18
Let x = 35 - 37. Let u be 60/5 + 2 + x. What is the highest common factor of u and 18?
6
Suppose 3*g + 16 = 100. Let t(q) = 167*q**3 + q**2 - 2*q + 2. Suppose 0 = -4*j + 1 + 3. Let v be t(j). Calculate the greatest common factor of g and v.
28
Let v be (8/(-3) + 2)*-42. Let r = 806 + -736. Calculate the highest common factor of r and v.
14
Let x(r) = r**2 + r - 1. Let g be x(1). Suppose 7 = a + g. Suppose -10*l + 16*l - 18 = 0. What is the greatest common divisor of a and l?
3
Suppose 0 = 1244*k - 1238*k - 3078. Calculate the greatest common factor of 228 and k.
57
Suppose 0 = -3*k - 9, 21*v - 369 = 17*v + 3*k. What is the highest common divisor of v and 120?
30
Let p = -49 - -70. Let t be (-2)/7 - 246/p. Let n = 4 - t. Calculate the highest common factor of 112 and n.
16
Suppose -2*m + 12 = -30. Calculate the highest common divisor of m and 84.
21
Suppose 4*d = m - 132, 2*m = 4*d + 6*m + 112. Let z be -1*3*192/(-9). Let r = z + d. Calculate the highest common factor of r and 4.
4
Suppose j - 15 = -2*j. Let d be (0 - -23) + (-3 - -5). Calculate the greatest common divisor of j and d.
5
Let o = 117 + -69. Suppose -o + 14 = -2*j. What is the highest common divisor of 68 and j?
17
Let g(u) be the second derivative of 6*u**2 - 1/20*u**5 + u**4 + 0 - 11/6*u**3 - 4*u. Let w be g(11). What is the highest common divisor of 96 and w?
12
Let u be (-2 - (-144)/84)/(2/(-84)). Let k(r) = -r**2 + 4*r - 1. Let i be k(3). Calculate the greatest common divisor of i and u.
2
Suppose 5*d = 9*d - 12. What is the highest common factor of d and 7?
1
Let r(k) = 2*k - 2. Let t be r(6). Suppose -t = -u + 88. Suppose 4*p - 430 - u = 0. What is the highest common divisor of 12 and p?
12
Suppose 0 = i + 5*b - 444, 14*i - 10*i = 3*b + 1868. Calculate the greatest common divisor of 261 and i.
29
Let t = 409 + -332. What is the greatest common factor of 22 and t?
11
Let c = 1593 + -1228. What is the highest common factor of c and 292?
73
Let l(p) be the third derivative of 0*p + 0*p**3 + 0 + 5/12*p**4 - 7*p**2. Let f be l(8). Calculate the greatest common divisor of f and 32.
16
Let i(s) = 5*s**2 - 50*s - 19. Let o be i(14). What is the greatest common divisor of o and 9?
9
Let d be -42 + 39 - (37/(-1) + 1). Calculate the greatest common divisor of 22 and d.
11
Suppose 0*n = 5*n. Let v(o) = -o + 32. Let m be v(n). Calculate the highest common factor of m and 32.
32
Suppose 16 = 2*x + 2*g, -5*g = 8 + 17. Suppose 7*u - 40 = -32*u + 5537. Calculate the greatest common factor of u and x.
13
Let j = 71 + -50. Suppose 0*q = 3*q - 4*y - 60, -3*q + 42 = 2*y. Suppose -t + 5*t = 3*o - 17, -q = -4*o + 2*t. Calculate the greatest common factor of j and o.
3
Let o be 253 + -2 - 47/(-47). Suppose 0 = 4*i + i - 140. Calculate the highest common factor of o and i.
28
Let d = -89 + 81. Let p be 3/((-108)/d) + 1870/9. What is the highest common factor of p and 16?
16
Let i be (5 - 8/2)*0. Suppose i = -7*u - 85 + 337. What is the greatest common divisor of 9 and u?
9
Suppose 73 = 4*w + 3*m, w - 4*m = 2 + 21. What is the greatest common divisor of w and 171?
19
Suppose 0 = -g + 5*o + 15, 0 = -5*g - 15*o + 11*o + 191. What is the greatest common factor of 119 and g?
7
Let x be 7 - 2 - (-7 + (-120)/15). Calculate the highest common factor of 130 and x.
10
Suppose -3*n = 0, n + 150 - 166 = -2*j. What is the greatest common factor of j and 166?
2
Suppose 0 = -282*y + 278*y + 1344. Calculate the greatest common factor of 21 and y.
21
Let d be (3 - (-8 + 4))*(-32)/(-1). Suppose 5*c - 162 = -22. Calculate the highest common divisor of d and c.
28
Suppose 324 = 4*v - 0*v. Suppose 18*c - 45 - v = 0. Calculate the greatest common divisor of c and 63.
7
Let h be (15/(-20))/((-1)/(-8)). Let v be (-2 - h) + (-1)/(-1). Let i = 25 + v. What is the highest common factor of 75 and i?
15
Suppose 4*q = 2*g + 12, 2*g - 6 + 2 = 0. What is the greatest common factor of q and 32?
4
Suppose 0 = 2*v + h + 4 - 20, v - 2*h - 8 = 0. Calculate the greatest common factor of 104 and v.
8
Let k = 3732 + -3720. Let w = -11 - -17. What is the greatest common divisor of k and w?
6
Let g(i) = i**2 + 6*i - 132. Let l be g(-17). What is the highest common divisor of 2 and l?
1
Let a be 1 - 18/(-1 + -2). Suppose -112 = -a*f - f. What is the greatest common divisor of 126 and f?
14
Let d(q) = q - 2. Let r be d(3). Let x be r/((-100)/102 - -1). Calculate the greatest common factor of x and 17.
17
Suppose m - 5*m = -48. Let u(x) = -2*x. Let c(p) = p. Let w(g) = -6*c(g) - 2*u(g). Let y be w(-2). What is the greatest common divisor of y and m?
4
Let k be ((-7)/(-14))/((-1)/(-50)). Let w = k + -4. What is the greatest common divisor of w and 147?
21
Suppose -w - 2*p - 3*p = 3, 5*w = 4*p + 14. Suppose n = w*n - 26. Calculate the highest common divisor of 104 and n.
26
Let b(v) = 3*v + 2. Let q be b(2). Let j(p) = 9*p - 1. Let a be j(1). Calculate the greatest common factor of q and a.
8
Let j = 12 + -19. Let h(b) be the second derivative of b**4/12 + b**3 + b**2 - 5*b. Let i be h(j). Calculate the greatest common factor of i and 1.
1
Suppose 0 = 29*h - 347 - 117. Calculate the highest common divisor of 152 and h.
8
Suppose 4*k - 80 = -b - 0*k, -4*k = -5*b + 376. Let l be (-2)/(3 + 1015/(-335)). Let d = -29 + l. What is the highest common factor of d and b?
38
Let q(v) = -v**2 + 15*v - 12. Let h be q(14). Suppose 4*p + 560 + 328 = 5*l, -354 = -h*l + 2*p. Calculate the highest common divisor of l and 20.
20
Suppose 0 = 2*c - 10*d + 15*d - 62, 0 = c + 4*d - 34. Let m(o) = 3*o**3 - 12*o**2 - 2*o. Let v be m(5). Calculate the highest common factor of v and c.
13
Let b(f) = f**3 + 2*f**2 - 12*f - 14. Let t be b(-3). Suppose -2*r + 3*r = 325. Calculate the highest common factor of r and t.
13
Let i = 26 - 28. Let b be (-1)/(5/i) - (-2319)/15. Calculate the greatest common divisor of b and 31.
31
Let j = 20 + 1. Let w = j - 11. Calculate the greatest common divisor of 110 and w.
10
Suppose 0 = 3*h - 14 - 1. Suppose 3*u - m + h = 5*u, 0 = 5*m + 5. Suppose 0*y - 3*b = -2*y + 31, -u*y = 4*b - 4. What is the greatest common factor of 4 and y?
4
Let k be 4 + 9/((-27)/12). Suppose k = -4*i - s - 5 + 42, 57 = 4*i + 5*s. What is the highest common factor of i and 72?
8
Let t be (8/6)/(12/234). Let n be t/8 - (-39)/52. Suppose n*g - 80 + 8 = 0. Calculate the greatest common factor of 6 and g.
6
Let q = -246 - -278. What is the highest common divisor of 288 and q?
32
Suppose -7*a + 277 + 101 = 0. Suppose -3*y + 17 = -i, -3*i + 0*i = 4*y - 27. What is the greatest common divisor of y and a?
6
Let b(j) = 4*j**3 - 3*j**2 + 3*j + 3. Let t be b(2). What is the greatest common factor of t and 16?
1
Let f = -770 + 880. What is the highest common factor of f and 198?
22
Suppose -5*i + 17 = 3*a + 1, -2*a + 40 = -4*i. Let g be (90/a)/(1/2). Calculate the highest common divisor of g and 135.
15
Suppose 15*h = 10*h + 4*a + 275, 5*a = -25. Let t = 34 - 17. What is the highest common divisor of t and h?
17
Let h be (-4)/((32/(-12))/4). Let u = 8 - h. Let o be 34/u - 1*2. Calculate the greatest common factor of o and 10.
5
Let k be 8/(-16) - (-10)/4. Let c(r) = -1 + 12*r**k + 5 - 5. Let f be c(1). Calculate the greatest common factor of 99 and f.
11
Let b be 175 - 77/(-44)*4. Calculate the greatest common divisor of b and 52.
26
Suppose 3*l - l - 36 = 0. Let f be 44/(-7)*21/(-6). Suppose -14 - f = -6*n. What is the highest common divisor of n and l?
6
Suppose -2*x - 2*x + 4*r + 220 = 0, -3*x - 3*r = -135. Let t = 160 - x. What is the highest common factor of 10 and t?
10
Let f(w) = -w**2 + 4*w + 1. Let d be f(3). Let z be 12/(-48) - (-37)/d. Calculate the g